d 2274?
6
Calculate the greatest common factor of 36 and 1476.
36
Calculate the greatest common factor of 11 and 176.
11
Calculate the greatest common factor of 2 and 29.
1
What is the greatest common divisor of 38 and 10545?
19
What is the greatest common divisor of 5187 and 182?
91
Calculate the highest common divisor of 1028 and 6.
2
What is the greatest common divisor of 32 and 2928?
16
What is the highest common divisor of 250 and 75?
25
Calculate the greatest common factor of 127 and 5207.
127
What is the highest common factor of 32 and 80?
16
What is the greatest common factor of 1125 and 72?
9
What is the highest common factor of 688 and 368?
16
Calculate the greatest common divisor of 44 and 220.
44
Calculate the greatest common factor of 1744 and 128.
16
What is the highest common factor of 370 and 407?
37
What is the highest common factor of 15 and 5385?
15
Calculate the greatest common divisor of 1728 and 1944.
216
Calculate the greatest common factor of 924 and 198.
66
Calculate the highest common divisor of 23 and 69.
23
Calculate the greatest common divisor of 2 and 90.
2
What is the greatest common divisor of 48 and 6?
6
Calculate the highest common divisor of 649 and 99.
11
Calculate the highest common divisor of 8 and 36.
4
Calculate the greatest common divisor of 210 and 168.
42
Calculate the greatest common factor of 744 and 465.
93
What is the greatest common factor of 2 and 97?
1
Calculate the greatest common divisor of 91 and 65.
13
Calculate the greatest common factor of 465 and 589.
31
Calculate the greatest common factor of 2967 and 387.
129
What is the greatest common divisor of 3922 and 742?
106
What is the greatest common divisor of 41 and 697?
41
What is the greatest common factor of 12939 and 38?
19
Calculate the greatest common factor of 315 and 1225.
35
Calculate the highest common factor of 295 and 2.
1
What is the greatest common factor of 37 and 1073?
37
Calculate the greatest common divisor of 1196 and 130.
26
Calculate the greatest common factor of 12 and 424.
4
Calculate the highest common divisor of 494 and 117.
13
What is the highest common divisor of 44 and 4?
4
What is the highest common divisor of 26 and 3445?
13
Calculate the highest common factor of 12 and 1884.
12
Calculate the highest common factor of 11 and 7447.
11
What is the greatest common divisor of 6 and 294?
6
Calculate the greatest common factor of 8 and 54.
2
Calculate the greatest common divisor of 152 and 1786.
38
What is the greatest common factor of 47 and 2491?
47
What is the highest common divisor of 4596 and 3?
3
What is the highest common divisor of 190 and 15010?
190
What is the greatest common factor of 132 and 5577?
33
What is the greatest common divisor of 637 and 49?
49
What is the greatest common factor of 92 and 36?
4
Calculate the greatest common divisor of 17 and 2176.
17
What is the highest common factor of 924 and 1056?
132
What is the highest common factor of 65 and 1547?
13
What is the highest common factor of 276 and 759?
69
Calculate the highest common divisor of 56 and 28.
28
Calculate the greatest common divisor of 13 and 431.
1
What is the highest common divisor of 9523 and 856?
107
What is the greatest common divisor of 256 and 832?
64
Calculate the highest common factor of 68 and 153.
17
What is the greatest common factor of 2072 and 370?
74
Calculate the highest common divisor of 476 and 204.
68
What is the highest common divisor of 136 and 1343?
17
Calculate the greatest common divisor of 210 and 3220.
70
Calculate the greatest common factor of 2873 and 34.
17
What is the greatest common factor of 15 and 9375?
15
Calculate the highest common factor of 10 and 15070.
10
Calculate the highest common divisor of 1960 and 40.
40
What is the greatest common divisor of 30 and 21795?
15
Calculate the highest common factor of 212 and 8.
4
Calculate the greatest common factor of 1729 and 91.
91
What is the greatest common factor of 126 and 224?
14
Calculate the greatest common divisor of 99 and 2376.
99
Calculate the greatest common factor of 478 and 26.
2
What is the greatest common divisor of 76 and 50084?
76
What is the greatest common factor of 355 and 10?
5
What is the greatest common factor of 171 and 72?
9
What is the greatest common factor of 2125 and 34?
17
Calculate the greatest common factor of 126 and 45.
9
Calculate the greatest common factor of 27968 and 8.
8
What is the highest common factor of 78 and 6?
6
Calculate the greatest common divisor of 46 and 2323.
23
What is the greatest common divisor of 322 and 7?
7
Calculate the greatest common factor of 5 and 365.
5
Calculate the highest common divisor of 836 and 152.
76
Calculate the greatest common divisor of 3 and 3033.
3
Calculate the greatest common factor of 8022 and 42.
42
Calculate the highest common divisor of 8 and 71.
1
Calculate the highest common factor of 1134 and 14.
14
Calculate the greatest common divisor of 1599 and 156.
39
What is the highest common divisor of 54 and 11574?
18
Calculate the greatest common factor of 30 and 5070.
30
Calculate the highest common factor of 15 and 1155.
15
What is the greatest common divisor of 30 and 730?
10
What is the highest common factor of 1105 and 65?
65
What is the highest common divisor of 135 and 2355?
15
What is the greatest common factor of 124 and 961?
31
Calculate the greatest common factor of 16 and 56.
8
What is the highest common factor of 909 and 36?
9
Calculate the greatest common factor of 16 and 192.
16
What is the highest common divisor of 702 and 26?
26
What is the greatest common divisor of 476 and 28?
28
What is the greatest common divisor of 445 and 979?
89
What is the greatest common divisor of 11 and 913?
11
Calculate the highest common factor of 3383 and 995.
199
What is the greatest common factor of 22 and 1078?
22
Calculate the greatest common divisor of 351 and 221.
13
Calculate the highest common factor of 2124 and 48.
12
What is the greatest common factor of 2 and 163?
1
Calculate the highest common factor of 27029 and 151.
151
What is the greatest common factor of 1 and 25?
1
Calculate the highest common divisor of 268 and 83348.
268
What is the highest common factor of 216 and 9?
9
What is the greatest common divisor of 6937 and 28?
7
Calculate the highest common divisor of 2675 and 50.
25
Calculate the greatest common divisor of 3519 and 153.
153
What is the greatest common factor of 140 and 2135?
35
What is the greatest common factor of 5535 and 324?
27
What is the highest common divisor of 30932 and 22?
22
What is the highest common divisor of 8 and 656?
8
What is the greatest common factor of 3192 and 72?
24
What is the greatest common factor of 968 and 4664?
88
Calculate the greatest common divisor of 551 and 76.
19
What is the greatest common divisor of 804 and 24?
12
What is the highest common divisor of 437 and 19?
19
What is the greatest common divisor of 60 and 4908?
12
What is the highest common divisor of 256 and 48?
16
What is the greatest common divisor of 1296 and 162?
162
Calculate the highest common divisor of 664 and 3154.
166
Calculate the highest common factor of 3281 and 68.
17
Calculate the highest common divisor of 81 and 1539.
81
Calculate the greatest common divisor of 63 and 7875.
63
Calculate the highest common divisor of 30 and 2390.
10
Calculate the highest common factor of 21 and 483.
21
What is the highest common factor of 300 and 4475?
25
What is the greatest common factor of 9 and 21393?
9
What is the greatest common factor of 19 and 361?
19
What is the highest common factor of 18426 and 444?
222
What is the highest common factor of 141 and 1081?
47
What is the highest common factor of 19131 and 21?
21
Calculate the highest common divisor of 28160 and 55.
55
Calculate the greatest common factor of 1593 and 37701.
531
What is the highest common divisor of 812 and 28?
28
What is the highest common factor of 3 and 8004?
3
Calculate the highest common factor of 2328 and 96.
24
What is the highest common divisor of 9 and 774?
9
Calculate the highest common divisor of 224 and 28.
28
Calculate the highest common factor of 644 and 12788.
92
Calculate the greatest common divisor of 36 and 153.
9
What is the highest common factor of 800 and 57